-3
Let t(b) be the third derivative of b**6/120 - b**5/20 - 13*b**4/24 + 4*b**3/3 - 4*b**2 + b - 2. Determine t(6).
38
Let q(x) = -x**3 - 36*x**2 + 410*x + 221. Let h be q(-45). Let j(k) = 3 + 4*k - 2 - 3. Calculate j(h).
-18
Let f(d) be the third derivative of 11/6*d**3 + 0*d - 1/3*d**4 - 1/6*d**5 + 79*d**2 + 0 - 1/120*d**6. What is f(-9)?
2
Let z = -200 + 305. Let t = z + -73. Suppose -35 = -t*b + 27*b. Let c(l) = -l**3 + 6*l**2 + 5*l + 2. What is c(b)?
-12
Suppose 2*i = -621*d + 623*d - 8, -6*d + 26 = -5*i. Let v(x) = -3*x**2 - 4*x + 4. What is v(i)?
-16
Let g(s) = -s**3 - 5*s**2 - 4*s + 1. Suppose -4*p - 16 = 0, 25*p = -3*c + 26*p + 19. Suppose -20 = 3*o - c. Calculate g(o).
21
Let d be 0/(0/(-4) + 1). Let w(x) be the first derivative of 23 - x + 1/2*x**2. Give w(d).
-1
Let m(i) = 17*i + 8*i + 41660 - 41584. Calculate m(-6).
-74
Suppose -111*a - 144 - 58 = -535. Let q(l) = 2*l**2 + 11*l - 11. Let t(s) = s**2 + 5*s - 5. Let k(h) = -3*q(h) + 7*t(h). Calculate k(a).
13
Let p(a) = 1 - 3*a**2 - 3*a**2 - 1 + 2*a - 2 + a. Calculate p(1).
-5
Let h(w) = 15*w - 3. Let d be (-136)/(-170)*(-4 + -1). Let x(t) = -2*t + 1. Let g(b) = d*x(b) - h(b). What is g(-1)?
6
Let i(w) = -4*w - 38. Let n be 7*56/(-490)*10. What is i(n)?
-6
Let t(y) = 4*y - 10. Let h(a) = 2*a - 9. Let x = -19 + 22. Let b(d) = x*h(d) - 2*t(d). Determine b(-5).
3
Suppose 0 = 8*d - d - 7. Let f(z) = z + 2*z**3 - 168*z**2 + z**3 + 167*z**2 - 2*z**3 + 1 - 3*z**3. Give f(d).
-1
Let v(d) = -d + 14. Let o = -5449 - -5465. Determine v(o).
-2
Let x(v) = 14 + v + 14 - 43 + 10. Let r(d) = -d**3 + 3*d**2 - 2*d. Let c be 2/(-4)*-2 - -1. Let a be r(c). Calculate x(a).
-5
Suppose h + 2*c = -222 + 220, -2 = -4*h - 3*c. Let s(p) = 8*p**3 - 4*p**2 + 4*p - 3. Calculate s(h).
53
Let x(c) = -c**2 + 5*c + 7. Let h be x(6). Suppose 5*g + 2*v = 0, -5*g + v = -0*v. Let p(r) = -3*r + g*r + 6*r - 4*r - h. Calculate p(-3).
2
Let p(g) = -g**2 - 11*g - 5. Let t be 15/4*4/3. Suppose 0 = -t*s + 9*s + 20. Calculate p(s).
25
Let m = -33 + 88. Let f(t) = 4 + 55*t**2 + m*t**2 - 6*t - 112*t**2. Calculate f(-3).
4
Let p(v) = -39*v - 60. Let h(s) = -17*s - 28. Let n(o) = -9*h(o) + 4*p(o). Calculate n(-7).
33
Let u = 12 + -6. Let o(i) = 2*i**3 + i**2 - 2*i - 3. Let y(z) = 6*z**3 + 3*z**2 - 6*z - 9. Let s = 22 + -39. Let k(p) = s*o(p) + u*y(p). What is k(-2)?
-11
Let k(p) = -p - 5. Let q be (11/(231/54))/(2/28). Let i = -18 + q. Suppose 13*w = i*w - 20. What is k(w)?
-9
Suppose -4*b + 8 = -2*b, -13 = 3*y - b. Let s(w) be the first derivative of 5*w**3/3 + 5*w**2/2 + 3*w - 25117. Calculate s(y).
33
Let f(d) = -d**2 + 7*d + 1. Let x be f(6). Suppose g + 6 - 22 = h, -2*h = g - x. Suppose -7*y = -g*y - 12. Let n(m) = m - 2. Calculate n(y).
-4
Let q be (10 - -2) + -88 + 72. Let w(c) = -2*c**2 - 16*c - 45. What is w(q)?
-13
Suppose 16 = g + 2*l, 18*l - 16*l - 28 = -3*g. Let t(r) = r**3 - 8*r**2 - r + 8. Determine t(g).
-70
Suppose 5*z - 331 + 316 = 0. Let u(m) = -15*m**2 - 13*m - 10 + m**3 - 2*m**z + 8 + 13 + 0. Determine u(-14).
-3
Let n(a) = -a**2 - 7*a - 5. Let r(s) = s**3 - 14*s**2 + 48*s + 10. Let t be r(7). Suppose m + 18 = 4*f, -2*m + f - 2 = -t*m. What is n(m)?
5
Let o = -40 - -57. Suppose -20*l - 226*l + 46*l + 1000 = 0. Suppose -5*g + o = -l*x + x, 0 = 4*g + 3*x - 26. Let f(y) = -y**2 + 5*y - 6. Give f(g).
-6
Let o be (-2)/6 - (-17)/(-3). Let g(m) = -8*m**2 - 128805 - m**3 + 128805 - 9*m + 0*m**3. Give g(o).
-18
Let f(i) = i**2 - i - 5. Suppose -86*l + 25*l = 53*l. Give f(l).
-5
Let d = 45 + -50. Let s(g) = -1. Let c(k) = k**3 - 3*k**2 - 2. Let z(r) = d*s(r) + c(r). Let o be ((-4 - 36/(-8))*-6)/(-1). What is z(o)?
3
Let v(b) = -518*b + 20 + 518*b - 122*b**2 + 121*b**2. Calculate v(4).
4
Let c(z) be the first derivative of -z**6/360 + z**5/12 + z**4/12 - 13*z**3/3 + 164. Let r(x) be the third derivative of c(x). What is r(7)?
23
Let q(x) = -28*x - 10. Let k(n) = 251*n + 95. Let c(h) = -k(h) - 9*q(h). Suppose 4*t = -0*t + 12. Give c(t).
-2
Let y be -15*((-12)/26 - (-20)/325). Let p(n) = -5*n + 12. Calculate p(y).
-18
Let p(d) = 2*d + 4. Let c(r) = 2*r**3 + 38*r**2 + 25*r - 108. Let j be c(-18). Suppose -2*u + 6 = 2. Let g be (-40)/18 - (-20)/j - u. Determine p(g).
-4
Suppose 0 = -95*t + 114*t - 57. Let s(l) = -l**2 - 2*l + 2. What is s(t)?
-13
Let g(m) = -m**2 - 4*m + 5. Let z be (-6)/2 - 4/2. Let k be g(z). Let c = k + 0. Let p(y) = -y**2 - 10. Give p(c).
-10
Let h(k) = 165 + 4*k + 172 - 339. Let z = -20 - -15. Calculate h(z).
-22
Let v be (-1215)/171 + (8 - 1050/133). Let j(y) = -y**2 - 7*y - 5. Give j(v).
-5
Let h(l) be the third derivative of -l**6/120 + 7*l**5/20 - 3*l**4/2 - 37*l**3/6 - 2886*l**2. Give h(19).
1
Let k(v) be the first derivative of -v**4/4 - 2*v**3 + 13*v**2/2 + 17*v + 2836. Give k(-8).
41
Let g(w) be the first derivative of -w**4/4 - 19*w**3/3 - 15*w**2/2 + 32*w - 2023. Give g(-18).
-22
Let r = -13 + 66. Let z(x) = x**3 + r*x**2 + 68*x**2 - 22 - 102*x**2 + 6*x - 27*x. Determine z(-20).
-2
Let m(c) = -c**2 - c. Let d be (-3170)/(-13) + 52/338. Let f = d + -243. What is m(f)?
-2
Let h(u) = -1. Let s(a) = -a**3 + 5*a**2 + 16*a - 80. Let p(m) = 3*h(m) - s(m). What is p(5)?
-3
Let l(y) = 87 + 13232*y - 6*y**2 + 3*y**2 + 2*y**2 - 13229*y. Give l(-8).
-1
Let k = 163 - 145. Suppose -k*y = y + y. Let z(h) be the first derivative of -h**2/2 + 9*h - 2. Calculate z(y).
9
Let g(o) = -o**2 - o. Let q(b) = b**2 + b - 24. Let j be q(-6). Suppose 12*v = 30 - j. Suppose -2 = 2*u + v. What is g(u)?
-2
Let t(g) = -5*g - 62. Let w(c) = 11*c + 151. Let s(i) = -5*t(i) - 2*w(i). Determine s(-2).
2
Let s(r) be the third derivative of -5/3*r**3 - 1/12*r**4 + 1/120*r**6 + 2 + 0*r + 34*r**2 + 7/60*r**5. Give s(-7).
4
Let l(o) be the second derivative of o**6/120 - o**5/20 + o**4/24 + 49*o**2 - 40*o - 1. Let c(a) be the first derivative of l(a). Calculate c(1).
-1
Let z(i) = i**2 - 5*i - 1. Let l(t) = -3*t**2 + 14*t + 4. Let a(u) = -3*l(u) - 8*z(u). Let j(p) = 11*p**2 + 1. Let h be j(1). Suppose -h = -o - 3*o. Give a(o).
-1
Let o(t) = -48*t + 30. Let c(x) = -9*x + 7. Let s(d) = -11*c(d) + 2*o(d). Determine s(4).
-5
Let x(j) = 3*j + 20. Let w be x(-6). Let r(a) = 17*a + 1 - 20*a - 6*a**2 + 0 - w. Suppose -14*s = 187 - 159. What is r(s)?
-19
Let g(u) be the first derivative of -u**3/3 + 5*u**2/2 + 24*u - 5227. Calculate g(-3).
0
Let t(j) = -3*j**3 + 11*j**2 - 9*j - 5. Let r(u) = -u**3 + u**2. Let p(k) = -2*r(k) + t(k). Suppose -2*y - 5*z - 1 = y, 5*z + 65 = 5*y. Calculate p(y).
-13
Let w(m) = m**3 + 5 + 5*m + 2 - 10*m**2 + 3*m**2. Let x(n) = 13*n - 8. Let i = 65 + -64. Let q be x(i). Determine w(q).
-18
Suppose 3*a = 3*b - 6, 3*b = -2*b + 2*a + 22. Let z(r) = b + 370*r - r**2 - 187*r - 189*r. Calculate z(-7).
-1
Let a(r) = 118*r**3 - 15 - 9*r**2 + 11*r**2 - 119*r**3 - 15 - 19. Calculate a(0).
-49
Suppose 17*o = 10*o + 56. Suppose 5*n - 4*p = 39, -o*n - 5*p + 16 = -5*n. Let b(u) = u**2 - 11*u + 6. Give b(n).
-22
Suppose 0 = -4*u - 3*k + 142, 5*k = -4*u + 17 + 121. Let i(d) = -47 + 86 + d - u. Determine i(-11).
-9
Let a = 345 + -344. Let x(s) be the second derivative of 2*s**3 + s**2/2 + 2*s + 20. Give x(a).
13
Let n(f) = 0*f - 14396 + f + 14395. Let i(z) be the third derivative of -5*z**4/24 + 5*z**3/6 + z**2. Let q(d) = -i(d) - 6*n(d). Give q(1).
0
Let n(i) = 7*i + 98. Let y be -19 + (0/(-15) - -7). Give n(y).
14
Let u be 1/2*-1*10*-2. Let x(h) = u*h - h - 26*h**3 - 8*h**2 - 3 + 25*h**3. Let n(b) = -b - 9. Let f be n(0). Give x(f).
-3
Let u = 561 + -557. Suppose 0 = n + 61*x - 60*x - 4, 2*n + 4*x = u. Let s(h) = -h + 5*h**2 + 6*h - 6*h**2 + 4. Give s(n).
-2
Let c(q) be the second derivative of q**5/20 + 17*q**4/12 - q**3/2 - 39*q**2/2 - 2473*q - 1. What is c(-17)?
12
Let t(a) be the third derivative of a**6/60 + a**5/5 + a**4/6 + 4*a**3/3 + 11*a**2 + 14*a. Calculate t(-5).
38
Let y = 51 - 51. Let v(f) = y*f + 1 - f**2 - 5*f**3 - f + 7*f**3 + 0*f - 3*f**3. Determine v(-3).
22
Let x(z) be the second derivative of 1/3*z**3 + 0 - 17/2*z**2 + 79*z. Calculate x(9).
1
Suppose 49 = -2*f + 9*f. Let o(k) = -5 + 2*k - k**3 - 8*k**2 - 2*k**2 - f*k**2 + 23*k**2. Determine o(6).
7
Let u(i) = 13*i + 236. Let y be u(-19). Let q(d) = -2*d - 20. Determine q(y).
2
Let i(h) = -h**2 - 16*h - 26. Let p be i(-14). Suppose -4*t - 18 = p*o, -8*t = 5*o